= 118*r - 7. What is the tens digit of y(1)?
1
Let b = 1 + 1. What is the units digit of b*3/(-6)*-2?
2
Suppose 4*k - 2*a - 2*a - 592 = 0, 4*k + 4*a = 592. What is the tens digit of k?
4
Suppose 2*x = 3*x - 3. Suppose -x*l - 200 = 2*l. Let h = -23 - l. What is the tens digit of h?
1
Let y(a) be the third derivative of a**6/60 - a**5/15 - a**4/24 - a**3/6 - 3*a**2. What is the tens digit of y(3)?
1
Suppose -3*i + 5*k - 34 = 0, 4*i + 0*k - 3*k = -27. Let m = i + 11. Suppose -m + 48 = 4*l. What is the units digit of l?
0
Suppose 5*x - 4*f - 36 = 0, 0 - 4 = 4*x + 5*f. What is the units digit of (-159)/(-12) + 3/x?
4
Let l be (-6)/18 + (-22)/(-3). Let a(m) = m**2 - 6*m - 3. Let q be a(l). Suppose -q*n - 21 + 85 = 0. What is the tens digit of n?
1
Suppose y + 4*y = 10. Let r be 5 + (0 + y - 2). Let x(t) = t**3 - 4*t**2 - 3*t - 5. What is the units digit of x(r)?
5
Let k(z) = z + 11. Let v be k(-8). What is the tens digit of 0*(-1)/v - -17?
1
Suppose -5 = l - 8. Suppose -l*s + z = -54, 4*z + 20 = 8. What is the units digit of s?
7
Let u = 13 + -10. Suppose 3*q - 2*b = 20, -7*q = -u*q + b - 12. What is the units digit of q?
4
Let t be (-3)/5 - 56/40. What is the units digit of t + 13 + (-1 - -1)?
1
What is the units digit of 1/3 - 20/(-3)?
7
Let a(i) = -i + 10. Let d be a(8). Suppose d - 1 = s. What is the units digit of s?
1
Suppose 2*p = 4 - 0, 2*g = p + 12. What is the units digit of g?
7
Suppose -v - 2*v - 5*s = -10, 4*v - 3*s + 6 = 0. Suppose l - 5*l + 8 = v. What is the units digit of (5 - -1)*(-1 + l)?
6
Suppose -o = 24 - 93. What is the units digit of o?
9
Let s = -38 - -57. Suppose 5*a = 3*z - s, -9 = -3*z - 0. What is the units digit of ((-5)/a)/(1/2)?
5
Let z = -7 + 11. Suppose -4*u = -z*m - 18 + 2, 0 = -m + 5. What is the units digit of u?
9
Let b(w) = w**2 - 1. Let x be b(2). Suppose -p + x*p = 24. What is the units digit of p?
2
Let v be (12/30)/(3/15). Suppose 11 = v*s - 3*l - 87, 0 = -2*l. What is the tens digit of s?
4
Let g(u) = -u**2 + 7*u - 6. Let v be (-1 - -4)/((-3)/(-5)). Let k be g(v). Suppose -k*c + 0 = -3*s + 3, -4*s + 2*c = -4. What is the units digit of s?
1
Suppose x + 4 = -2. What is the units digit of (2 - x) + 2 + 0?
0
Suppose 4*p - 3 = 3*p. Let w be p/(-2)*(3 + -1). What is the tens digit of 4/(-6) - 38/w?
1
Let d(r) = -r + 11. Let k be d(8). Suppose -k*m + 0*m - 21 = 0. Let q(j) = -j**2 - 8*j. What is the units digit of q(m)?
7
Suppose -3*q + 36 = -2*p, 3*q + 0*p = -4*p + 36. Let v = 19 - q. What is the units digit of v?
7
Suppose 2*q - 4*r = 20, 3*q = 6*q - 2*r - 14. Suppose q*v = -0*v + 20. Suppose 8*y - 3*y = v. What is the units digit of y?
2
Let t(u) = -u - 1. Let y(h) = 4*h - 12. Let l(c) = -3*t(c) - y(c). What is the tens digit of l(0)?
1
Suppose 8*y - 3*y - 257 = -4*w, -5*w - 63 = -y. What is the units digit of y?
3
Let o = 612 + -432. What is the units digit of o?
0
Suppose -3*b - 3*d + 6 = 0, -8 = -2*b + b + 2*d. Suppose -2*u - 19 = 3*r, -b*u + 3*r = -2 - 5. What is the units digit of 8 - (-2 - u)/(-3)?
8
Let n be 5*((-16)/(-10) + 0). Let z(m) = m + 0*m + 0*m. What is the units digit of z(n)?
8
Let x = 12 + -7. Suppose 0*l = -x*l + 5. What is the units digit of l*5/1 + 1?
6
Let m(s) = s**2 + 12*s - 5. Let x be m(-14). Let a = x + -5. What is the units digit of a?
8
Suppose 4*t = -72 + 280. Suppose -x + t = 3*z - 14, 0 = x. What is the units digit of z?
2
Let c(g) = 7*g**3 + g**2 - g + 1. Let j be -3 - ((-2 - 0) + -1). Suppose 5*a + p + 0 - 5 = j, -4*p = 0. What is the units digit of c(a)?
8
Suppose 8*i = 9*i - 86. What is the tens digit of i?
8
What is the units digit of (2 - (-20)/(-15))*63?
2
Suppose a - 5*z = -2, 0 = a + z + 27 - 1. Let d = a + 37. What is the units digit of d?
5
Suppose 0 = 5*v + p - 44, -18 - 29 = -5*v + 2*p. Suppose v*c = 11*c - 34. What is the tens digit of c?
1
What is the hundreds digit of 15918/105 - (-3)/(-5)?
1
Suppose j = 5*m + 154, 4*j - 46 = -m + 486. What is the hundreds digit of j?
1
Let w(x) be the third derivative of -x**6/120 - x**5/15 - x**4/8 - x**3 + x**2. Let s be w(-4). Let g = s - 1. What is the units digit of g?
5
Let v = -31 + 78. Let g = v + -31. Suppose 3*t = g + 5. What is the units digit of t?
7
Let i be ((-92)/12 - -1)*-3. Let u = i - -1. What is the tens digit of u?
2
Let j = 8 + -4. Let r(l) = -3 - 3*l**2 - 2*l + 2*l**3 + 0*l**2 - l**3. What is the units digit of r(j)?
5
Suppose 2*g - p - 12 = g, 3*g = -p + 36. What is the units digit of (4 - g)/(-2 + 0)?
4
Let p be 1*(-3)/3*-8. Let v(b) = 9 + p + 0*b + b. What is the units digit of v(-10)?
7
Suppose 2*s - 4*s + 3*o = -71, 0 = 5*s + 3*o - 125. Suppose -2*l - u + s = 0, 5*u = -2*l + 3*l + 8. What is the tens digit of l?
1
Let h be 384/(-10) - (-2)/5. What is the units digit of (-11 + 13)/((-4)/h)?
9
Let f(w) = 2*w**2 + 5*w - 14. What is the tens digit of f(4)?
3
Suppose -6*q + q + 304 = 4*t, -123 = -2*q - 3*t. What is the units digit of q?
0
Suppose 5*a - 6*b + 2*b = 192, 5*b = 2*a - 87. What is the units digit of a?
6
What is the tens digit of 281/6 - (-2)/12?
4
Suppose -4*w + 8 = -4*c, 4*w - 3*c - 2*c - 3 = 0. Let x = 11 - w. Let v = x - 2. What is the units digit of v?
2
Let z(n) be the third derivative of -n**5/60 - n**4/4 + n**3/6 - n**2. Let w = -7 - -2. What is the units digit of z(w)?
6
Let q = 10 + -8. What is the units digit of q?
2
Let x(g) = g**2 + 7. Let d be x(0). Let v(i) = 2*i - 1. Let b(f) = 2*f - 1. Let c(y) = 6*b(y) - 5*v(y). What is the tens digit of c(d)?
1
Suppose -5*c = -213 - 162. What is the tens digit of c?
7
Let a(s) = 20*s + 7. Let z be a(4). Suppose -6*v + 3*v + z = 0. What is the units digit of v?
9
Let t(d) be the first derivative of -d**5/60 - d**4/4 - d**3/3 - 1. Let g(m) be the third derivative of t(m). What is the units digit of g(-5)?
4
What is the units digit of (-44)/(-10) + (-22)/55?
4
Suppose 16 + 56 = 3*x. Let d be 6/x - 5/4. What is the units digit of 6/(-1 + 3 + d)?
6
Suppose 71 = -2*z + 167. What is the tens digit of z?
4
Let c(d) = -38*d + 1. Let w be c(-3). Suppose 0 = 2*j + 3*j - w. What is the tens digit of j?
2
Let c(z) = z**3 - 7*z**2 + 7*z - 2. Let k be c(6). Suppose 5*q + 2*o - 5*o = -6, -2*o = -2*q - k. What is the units digit of q/(-1) + 0 - -9?
9
Let w(q) = 3*q - 3. What is the units digit of w(6)?
5
Suppose 0 = 7*n - 10*n - 105. Suppose -3*x - 7*b - 37 = -2*b, -2*x + 2*b + 2 = 0. What is the units digit of (-56)/n + x/(-10)?
2
Let f(u) = u**3 + u**2 + u - 10. Let g be f(0). Let z(d) = d**3 + 11*d**2 + 9*d + 13. What is the units digit of z(g)?
3
Let g(p) = 1 + 5*p - 3 + 0 + 5*p. Let r be g(4). Suppose 2*q - r = -8. What is the units digit of q?
5
What is the hundreds digit of (42/(-9) + 4)*-258 + 0?
1
Let s = 39 - -23. Suppose -c = c - s. What is the tens digit of c?
3
Let u(r) = -262*r**3 + r**2 + 2*r. What is the hundreds digit of u(-1)?
2
Let m = 443 - 232. What is the units digit of m?
1
Let p(b) = b - 10. Let j be p(10). Suppose -c - 203 = -j*w - 5*w, 2*w = -3*c + 88. What is the tens digit of w?
4
Let i(r) = -r + 27. What is the tens digit of i(0)?
2
Let d(m) = -m**3 - 11*m**2 - m + 5. What is the units digit of d(-11)?
6
Let k(y) = 7*y - y + 4*y - 5*y + 12. What is the units digit of k(4)?
2
Let c(t) = t + 8. Let h be c(-5). Suppose -h*k = -2*k - 2. Suppose 2*b + k*b = 24. What is the units digit of b?
6
Suppose 0 = 3*p - 2*n - 34, 2*n = -4*p - n + 17. Let z(k) = k - 1. Let v be z(p). Let d = v - 0. What is the units digit of d?
7
Suppose -4*l - 2*h = -126, 4*l = -3*h - 41 + 172. What is the units digit of l?
9
Let s(q) = -3 + 1 + 10*q + 5. Let u be s(-2). Let a = u - -25. What is the units digit of a?
8
Let s(y) = y**2 + 14*y - 23. What is the tens digit of s(-17)?
2
Suppose 7*b + 6 = 10*b. Let l be (-4)/(2/(b/(-1))). Suppose -l = -5*d + 6. What is the units digit of d?
2
Suppose c - 21 = -2*w, 3*c - w - 20 = 36. What is the units digit of c?
9
Let z = -4 - -4. Suppose -2*j - 2*j - 164 = -4*t, z = 3*j + 15. What is the tens digit of t?
3
Let a(h) = h + 3 - 1 - 3. What is the units digit of a(4)?
3
What is the hundreds digit of 10/(1 - -1)*3303/45?
3
Let w = -17 + 13. What is the tens digit of (-110)/w + (-9)/(-6)?
2
Let a = -26 - -61. What is the units digit of a?
5
Let n be 8 + 1 + 0/(-1). Let h = 7 - n. What is the units digit of 76/16 + 